{"id":2,"date":"2020-03-29T11:47:25","date_gmt":"2020-03-29T11:47:25","guid":{"rendered":"https:\/\/hurrlibus.ch\/?page_id=2"},"modified":"2025-01-16T19:31:04","modified_gmt":"2025-01-16T19:31:04","slug":"herzlich-willkommen","status":"publish","type":"page","link":"https:\/\/hurrlibus.ch\/","title":{"rendered":"Herzlich willkommen"},"content":{"rendered":"\n<figure class=\"wp-block-image size-large\"><img loading=\"lazy\" decoding=\"async\" width=\"1024\" height=\"110\" src=\"https:\/\/hurrlibus.ch\/wp-content\/uploads\/2020\/03\/SchriftzugGross-1024x110.jpg\" alt=\"\" class=\"wp-image-31\" srcset=\"https:\/\/hurrlibus.ch\/wp-content\/uploads\/2020\/03\/SchriftzugGross-1024x110.jpg 1024w, https:\/\/hurrlibus.ch\/wp-content\/uploads\/2020\/03\/SchriftzugGross-300x32.jpg 300w, https:\/\/hurrlibus.ch\/wp-content\/uploads\/2020\/03\/SchriftzugGross-768x83.jpg 768w, https:\/\/hurrlibus.ch\/wp-content\/uploads\/2020\/03\/SchriftzugGross-1536x165.jpg 1536w, https:\/\/hurrlibus.ch\/wp-content\/uploads\/2020\/03\/SchriftzugGross-400x43.jpg 400w, https:\/\/hurrlibus.ch\/wp-content\/uploads\/2020\/03\/SchriftzugGross.jpg 1662w\" sizes=\"auto, (max-width: 1024px) 100vw, 1024px\" \/><\/figure>\n\n\n\n<h2 class=\"has-text-align-center has-gray-color has-text-color wp-block-heading\">Die Spielgruppe in Adligenswil<\/h2>\n\n\n\n<div style=\"height:20px\" aria-hidden=\"true\" class=\"wp-block-spacer\"><\/div>\n\n\n\n<figure class=\"wp-block-image size-large\"><img loading=\"lazy\" decoding=\"async\" width=\"1024\" height=\"310\" src=\"https:\/\/hurrlibus.ch\/wp-content\/uploads\/2020\/03\/SpielenKlein-1024x310.jpg\" alt=\"\" class=\"wp-image-18\" srcset=\"https:\/\/hurrlibus.ch\/wp-content\/uploads\/2020\/03\/SpielenKlein-1024x310.jpg 1024w, https:\/\/hurrlibus.ch\/wp-content\/uploads\/2020\/03\/SpielenKlein-300x91.jpg 300w, https:\/\/hurrlibus.ch\/wp-content\/uploads\/2020\/03\/SpielenKlein-768x232.jpg 768w, https:\/\/hurrlibus.ch\/wp-content\/uploads\/2020\/03\/SpielenKlein-1536x465.jpg 1536w, https:\/\/hurrlibus.ch\/wp-content\/uploads\/2020\/03\/SpielenKlein-400x121.jpg 400w, https:\/\/hurrlibus.ch\/wp-content\/uploads\/2020\/03\/SpielenKlein.jpg 1900w\" sizes=\"auto, (max-width: 1024px) 100vw, 1024px\" \/><\/figure>\n\n\n\n<p><\/p>\n\n\n\n<blockquote class=\"wp-block-quote has-text-align-center is-style-large has-normal-font-size is-layout-flow wp-block-quote-is-layout-flow\">\n<p class=\"has-normal-font-size\">&#171;Wenn man gen\u00fcgend spielt, so lange man klein ist, tr\u00e4gt man Sch\u00e4tze mit sich herum, aus denen man sp\u00e4ter sein ganzes Leben sch\u00f6pfen kann.&#187;<em> <\/em> <\/p>\n\n\n\n<p><\/p>\n<cite> <em>Astrid Lindgren<\/em> <\/cite><\/blockquote>\n\n\n\n<hr class=\"wp-block-separator has-alpha-channel-opacity\"\/>\n\n\n\n<div class=\"wp-block-columns is-layout-flex wp-container-core-columns-is-layout-9d6595d7 wp-block-columns-is-layout-flex\">\n<div class=\"wp-block-column is-layout-flow wp-block-column-is-layout-flow\">\n<p><\/p>\n\n\n\n<table id=\"tablepress-2\" class=\"tablepress tablepress-id-2\">\n<tbody>\n<tr class=\"row-1\">\n\t<td class=\"column-1\"><style type='text\/css'>.mb-center.maxbutton-1-center{display:block !important;text-align:center !important}.mb-center.maxbutton-1-center .maxbutton-1-container.mb-container{display:inline-block !important;margin:0px 0px 0px 0px !important}.mb-center.maxbutton-1-center .maxbutton-1-container.mb-container .maxbutton-1.maxbutton.maxbutton-indoor{position:relative !important;text-decoration:none !important;display:inline-block !important;vertical-align:middle !important;width:160px !important;height:50px !important;border:2px solid #505ac7 !important;border-radius:12px 12px 12px 12px !important;background-color:#505ac7 !important;box-shadow:0px 0px 2px 0px #333333 !important}.mb-center.maxbutton-1-center .maxbutton-1-container.mb-container .maxbutton-1.maxbutton.maxbutton-indoor:hover{border-color:#505ac7 !important;background-color:white !important;box-shadow:0px 0px 2px 0px #333333 !important}.mb-center.maxbutton-1-center .maxbutton-1-container.mb-container .maxbutton-1.maxbutton.maxbutton-indoor .mb-text{color:#ffffff !important;font-family:Tahoma !important;font-size:24px !important;text-align:center !important;font-style:normal !important;font-weight:normal !important;line-height:1em !important;box-sizing:border-box !important;display:block !important;background-color:unset !important;padding:10px 0px 0px 0px !important;text-shadow:0px 0px 0px #505ac7 !important}.mb-center.maxbutton-1-center .maxbutton-1-container.mb-container .maxbutton-1.maxbutton.maxbutton-indoor:hover .mb-text{color:#505ac7 !important;text-shadow:0px 0px 0px #333333 !important}@media only screen and (min-width:0px) and (max-width:480px){.mb-center.maxbutton-1-center .maxbutton-1-container.mb-container{width:90% !important;float:none !important}.mb-center.maxbutton-1-center .maxbutton-1-container.mb-container .maxbutton-1.maxbutton.maxbutton-indoor{width:90% !important}.mb-center.maxbutton-1-center .maxbutton-1-container.mb-container .maxbutton-1.maxbutton.maxbutton-indoor .mb-text{font-size:19px !important}}<\/style><span class='mb-center maxbutton-1-center'><span class='maxbutton-1-container mb-container'><a class=\"maxbutton-1 maxbutton maxbutton-indoor\" title=\"Informationen zur Indoor Spielgruppe\" href=\"\/?page_id=46\"><span class='mb-text'>Indoor<\/span><\/a><\/span><\/span> <\/td>\n<\/tr>\n<tr class=\"row-2\">\n\t<td class=\"column-1\">In einer kleinen Gruppe mit anderen Kindern jede Woche f\u00fcr ein paar Stunden spielen, lachen, malen, Geschichten h\u00f6ren, werken, singen, kneten, Zn\u00fcni essen und Freundschaften schliessen.<\/td>\n<\/tr>\n<tr class=\"row-3\">\n\t<td class=\"column-1\"><img loading=\"lazy\" decoding=\"async\" src=\"https:\/\/hurrlibus.ch\/wp-content\/uploads\/2023\/02\/IndoorQuadrat-300x300.jpg\" alt=\"\" width=\"300\" height=\"300\" class=\"alignnone size-medium wp-image-1156\" srcset=\"https:\/\/hurrlibus.ch\/wp-content\/uploads\/2023\/02\/IndoorQuadrat-300x300.jpg 300w, https:\/\/hurrlibus.ch\/wp-content\/uploads\/2023\/02\/IndoorQuadrat-1024x1024.jpg 1024w, https:\/\/hurrlibus.ch\/wp-content\/uploads\/2023\/02\/IndoorQuadrat-150x150.jpg 150w, https:\/\/hurrlibus.ch\/wp-content\/uploads\/2023\/02\/IndoorQuadrat-768x768.jpg 768w, https:\/\/hurrlibus.ch\/wp-content\/uploads\/2023\/02\/IndoorQuadrat-1536x1536.jpg 1536w, https:\/\/hurrlibus.ch\/wp-content\/uploads\/2023\/02\/IndoorQuadrat.jpg 2010w\" sizes=\"auto, (max-width: 300px) 100vw, 300px\" \/><\/td>\n<\/tr>\n<\/tbody>\n<\/table>\n<!-- #tablepress-2 from cache --><\/div>\n\n\n\n<div class=\"wp-block-column is-layout-flow wp-block-column-is-layout-flow\">\n<p><\/p>\n\n\n\n<table id=\"tablepress-3\" class=\"tablepress tablepress-id-3\">\n<tbody>\n<tr class=\"row-1\">\n\t<td class=\"column-1\"><style type='text\/css'>.mb-center.maxbutton-2-center{display:block !important;text-align:center !important}.mb-center.maxbutton-2-center .maxbutton-2-container.mb-container{display:block !important;margin:0px 0px 0px 0px !important}.mb-center.maxbutton-2-center .maxbutton-2-container.mb-container .maxbutton-2.maxbutton.maxbutton-e59da1e6b1a4{position:relative !important;text-decoration:none !important;display:inline-block !important;vertical-align:middle !important;width:160px !important;height:50px !important;border:2px solid #52b237 !important;border-radius:12px 12px 12px 12px !important;background-color:#52b237 !important;box-shadow:0px 0px 2px 0px #333333 !important}.mb-center.maxbutton-2-center .maxbutton-2-container.mb-container .maxbutton-2.maxbutton.maxbutton-e59da1e6b1a4:hover{border-color:#52b237 !important;background-color:white !important;box-shadow:0px 0px 2px 0px #333333 !important}.mb-center.maxbutton-2-center .maxbutton-2-container.mb-container .maxbutton-2.maxbutton.maxbutton-e59da1e6b1a4 .mb-text{color:#ffffff !important;font-family:Tahoma !important;font-size:24px !important;text-align:center !important;font-style:normal !important;font-weight:normal !important;line-height:1em !important;box-sizing:border-box !important;display:block !important;background-color:unset !important;padding:10px 0px 0px 0px !important;text-shadow:0px 0px 0px #52b237 !important}.mb-center.maxbutton-2-center .maxbutton-2-container.mb-container .maxbutton-2.maxbutton.maxbutton-e59da1e6b1a4:hover .mb-text{color:#52b237 !important;text-shadow:0px 0px 0px #333333 !important}@media only screen and (min-width:0px) and (max-width:480px){.mb-center.maxbutton-2-center .maxbutton-2-container.mb-container{width:90% !important;float:none !important}.mb-center.maxbutton-2-center .maxbutton-2-container.mb-container .maxbutton-2.maxbutton.maxbutton-e59da1e6b1a4{width:90% !important}.mb-center.maxbutton-2-center .maxbutton-2-container.mb-container .maxbutton-2.maxbutton.maxbutton-e59da1e6b1a4 .mb-text{font-size:19px !important}}<\/style><span class='mb-center maxbutton-2-center'><span class='maxbutton-2-container mb-container'><a class=\"maxbutton-2 maxbutton maxbutton-e59da1e6b1a4\" title=\"Informationen zur Waldspielgruppe\" href=\"\/?page_id=1110\"><span class='mb-text'>Wald<\/span><\/a><\/span><\/span> <\/td>\n<\/tr>\n<tr class=\"row-2\">\n\t<td class=\"column-1\">Die Waldkinder kommen mit der Natur in Ber\u00fchrung. Bei unserem Waldplatz k\u00f6nnen sie sowohl die Elemente Erde, Feuer, Luft und Wasser als auch den Wechsel der Jahreszeiten \u00fcber all ihre Sinne erleben. <\/td>\n<\/tr>\n<tr class=\"row-3\">\n\t<td class=\"column-1\"><img loading=\"lazy\" decoding=\"async\" src=\"https:\/\/hurrlibus.ch\/wp-content\/uploads\/2023\/02\/WaldQuadrat-300x300.jpg\" alt=\"\" width=\"300\" height=\"300\" class=\"alignnone size-medium wp-image-1155\" srcset=\"https:\/\/hurrlibus.ch\/wp-content\/uploads\/2023\/02\/WaldQuadrat-300x300.jpg 300w, https:\/\/hurrlibus.ch\/wp-content\/uploads\/2023\/02\/WaldQuadrat-150x150.jpg 150w, https:\/\/hurrlibus.ch\/wp-content\/uploads\/2023\/02\/WaldQuadrat.jpg 759w\" sizes=\"auto, (max-width: 300px) 100vw, 300px\" \/><\/td>\n<\/tr>\n<\/tbody>\n<\/table>\n<!-- #tablepress-3 from cache --><\/div>\n<\/div>\n\n\n\n<div class=\"wp-block-columns is-layout-flex wp-container-core-columns-is-layout-9d6595d7 wp-block-columns-is-layout-flex\"><\/div>\n","protected":false},"excerpt":{"rendered":"<p>Die Spielgruppe in Adligenswil &#171;Wenn man gen\u00fcgend spielt, so lange man klein ist, tr\u00e4gt man Sch\u00e4tze mit sich herum, aus denen man sp\u00e4ter sein ganzes Leben sch\u00f6pfen kann.&#187; Astrid Lindgren<\/p>\n","protected":false},"author":1,"featured_media":0,"parent":0,"menu_order":0,"comment_status":"closed","ping_status":"closed","template":"","meta":{"footnotes":""},"class_list":["post-2","page","type-page","status-publish","hentry"],"_links":{"self":[{"href":"https:\/\/hurrlibus.ch\/index.php?rest_route=\/wp\/v2\/pages\/2","targetHints":{"allow":["GET"]}}],"collection":[{"href":"https:\/\/hurrlibus.ch\/index.php?rest_route=\/wp\/v2\/pages"}],"about":[{"href":"https:\/\/hurrlibus.ch\/index.php?rest_route=\/wp\/v2\/types\/page"}],"author":[{"embeddable":true,"href":"https:\/\/hurrlibus.ch\/index.php?rest_route=\/wp\/v2\/users\/1"}],"replies":[{"embeddable":true,"href":"https:\/\/hurrlibus.ch\/index.php?rest_route=%2Fwp%2Fv2%2Fcomments&post=2"}],"version-history":[{"count":21,"href":"https:\/\/hurrlibus.ch\/index.php?rest_route=\/wp\/v2\/pages\/2\/revisions"}],"predecessor-version":[{"id":1165,"href":"https:\/\/hurrlibus.ch\/index.php?rest_route=\/wp\/v2\/pages\/2\/revisions\/1165"}],"wp:attachment":[{"href":"https:\/\/hurrlibus.ch\/index.php?rest_route=%2Fwp%2Fv2%2Fmedia&parent=2"}],"curies":[{"name":"wp","href":"https:\/\/api.w.org\/{rel}","templated":true}]}}